/9 + (-104)/(-12). What is the units digit of h(d)?
9
Let c be ((-15)/(-10))/((-3)/(-6)). Suppose 10 - 79 = c*a. Let s = 59 + a. What is the units digit of s?
6
Let i be (-6)/(-21) - (-309)/21. Let t be 16/(-20)*i/(-6). Suppose -t*x = x - 18. What is the units digit of x?
6
Let d = -3 + 7. What is the units digit of (-945)/(-195) - d/(-26)?
5
Let a be (5 + -8)*(-2 + (-4)/12). What is the tens digit of 8/(-28) - (-1080)/a?
5
Let l be ((-63)/28)/((-9)/48) - -2. Let f = -1 + 1. Suppose f*m = 2*m - l. What is the units digit of m?
7
Let f = -67 + 68. What is the tens digit of (33/12)/(f/64)?
7
Let o(y) = y**3 - 6*y**2 - 8*y + 7. Let w be o(7). Let m be w - (7 + -4 + -3). Suppose -5*f + 270 - 40 = m. What is the units digit of f?
6
Suppose 3*a + 0 = 6. Let u(n) = -10*n. Let h be u(a). Let d = h + 37. What is the tens digit of d?
1
Suppose -6 = -3*m + r, m = -3*m - r + 15. Suppose 25 + 44 = m*f. Suppose 0 = -0*n + n - f. What is the units digit of n?
3
Let n = 1461 + -1044. What is the units digit of n?
7
Suppose 3*i + 8 = -h, 22 + 7 = 2*h - 3*i. Let c(v) = 20*v + 6. What is the hundreds digit of c(h)?
1
Suppose 2 = -12*n + 13*n. What is the hundreds digit of 513/n - (-1)/2?
2
Suppose -4*b + 35 = -193. Let w be 2/6 - b/9. What is the units digit of (w/(-5))/(16/80)?
6
Let b(v) = -v**3 - 12*v**2 + 10*v - 16. Let h be 6256/96 + (-1)/6. Suppose 4*w = 9*w + h. What is the units digit of b(w)?
3
Let d(x) = 2*x**2 + 3*x - x - 4*x + 2. Let t be d(2). What is the units digit of 4/t - 485/(-15)?
3
Suppose 0 = t + 2*c - 97, -79*t + 74*t + c = -529. What is the units digit of t?
5
What is the units digit of 2/14*(68 + 10845)?
9
What is the tens digit of (-9*3)/(((-2)/7)/2)?
8
Let y(t) be the first derivative of -t**3/3 + 35*t**2/2 - 44*t + 37. What is the hundreds digit of y(30)?
1
Let h be 1 + -4 + 6 + -3. Suppose 4*l + 5*q - 337 = h, -2*l + 5*q - 8 = -169. What is the units digit of l?
3
Suppose -3*b + 4*u = -6299, -2350 - 8167 = -5*b + 2*u. What is the hundreds digit of b?
1
Suppose -5*p - z + 2283 = 0, 0*p - 4*z + 468 = p. What is the tens digit of p?
5
Let t(y) be the second derivative of -y**4/12 + y**3 + y**2 - 3*y. Let i be t(6). Suppose 3*m + m - 4*p = 48, 2*m + i*p = 40. What is the tens digit of m?
1
Suppose 3*u - 14 + 0 = 5*q, 4*q = -3*u + 5. Let y be (6/(-9))/((-2)/(-6)). Let s = u + y. What is the units digit of s?
1
Let c = 938 - 542. What is the units digit of c?
6
Suppose -g = -110 - 169. What is the units digit of g?
9
Suppose 30 = -3*z + 687. Suppose -4*n + 605 + z = 0. What is the tens digit of n/8 + 12/(-16)?
2
Suppose -6*i + 7*i = 151. Suppose -5*l + i + 194 = 0. What is the tens digit of l?
6
What is the units digit of 114/24 + 20/16?
6
Suppose -12*y = 2243 - 57503. What is the tens digit of y?
0
Let k = 628 + 5. What is the tens digit of k?
3
Suppose 5*j + 2*a = -2 + 6, 2 = 2*j + a. Suppose 49 - 241 = -8*q. What is the units digit of j*(-1)/(-3) + q?
4
Let y be 93/9 - 6/(-9). Suppose s - y = -m, -3*s + s + 34 = 3*m. What is the units digit of (-135)/m*(-16)/6?
0
Suppose -11*w + 299 = -1340. What is the units digit of w?
9
Suppose -5*z + 31 = -9. Suppose z = -4*s + 104. What is the units digit of s?
4
Let x = 201 + 168. What is the units digit of x?
9
Let s(y) = -y**3 - 7*y**2 + 21*y + 59. What is the tens digit of s(-9)?
3
Let n(z) = -6087*z**3 - 11*z - 12. What is the hundreds digit of n(-1)?
0
Let s(t) = -t**2 + 37. Let w(x) = 5*x**2 - 186. Let a(n) = 11*s(n) + 2*w(n). Let i be a(0). Suppose 0 = -3*y + 52 + i. What is the tens digit of y?
2
Suppose 2*z + 27 = -5*o - 9, 2*z = -o - 20. Let q be -4*(-3 + (-22)/z). Let j(n) = 32*n**2. What is the units digit of j(q)?
2
Let p = 14 - 12. Suppose b - p = 1. Suppose 3*a + 19 = b*q - 2, -3*q = -5*a - 27. What is the units digit of q?
4
Let n(f) = -f**3 + f**2 - 77. Let m be n(0). Let h = m - -196. What is the units digit of h?
9
Suppose -1045 = -7*q + 3*z - 2*z, -304 = -2*q + 3*z. What is the hundreds digit of q?
1
Suppose 4*l + 127 - 471 = 0. Let r = l - 26. What is the tens digit of r?
6
Let d(h) = 3*h**2 - h + 4. Let a be d(-4). Let p = a + -80. What is the units digit of 18/p - 78/(-8)?
9
Let k(s) be the third derivative of 5*s**4/24 + s**3/3 + 10*s**2. Let f be k(1). What is the units digit of 4/(f + 1)*12?
6
Let w(g) = -g + 3. Suppose -32 = 2*f - 6*f. Let c be w(f). Let h = c - -37. What is the units digit of h?
2
Let v be 26/6 + (-6)/(-9). Let o = 63 - 39. Suppose -v*b = -p + 5 + 29, -2*p + o = b. What is the units digit of p?
4
Let w(t) = -t + 21. Let u be w(7). Let s be u/1*60/(-24). What is the tens digit of (s/(-10))/(1/10)?
3
Let r be -6*(-16)/(-12)*-1. Let a be 3 - (-4)/r*2. Suppose 0*b = a*b - 76. What is the tens digit of b?
1
What is the hundreds digit of ((-23)/(-2))/((-39)/(-702))?
2
Let k = -7 + 91. What is the units digit of k?
4
Let d(w) = 32*w**3 - 3*w**2 + 8*w - 16. What is the units digit of d(2)?
4
Let w = -289 + 295. Let f(v) be the second derivative of -v**4/12 + 5*v**3/3 + 2*v**2 - v. What is the units digit of f(w)?
8
Let r be 1 + 0/1 - 1. Let x(c) = 2*c + 57. Let o be x(-20). Suppose r = -4*m + 15 + o. What is the units digit of m?
8
Let x = 29 + -38. Let m(i) be the second derivative of -i**5/20 - 3*i**4/4 - i**3/6 - i**2 + 2*i. What is the units digit of m(x)?
7
Suppose 3*h - 7*h + 16 = 0. Let k(u) = -u**3 - 6*u**2 - 7*u - 8. Let a be k(-7). Suppose -h*i = i - a. What is the units digit of i?
8
Let w = -1645 + 2777. Suppose -w = -11*c + 309. What is the units digit of c?
1
Suppose 4*d = 231 + 281. Let n = d + -80. What is the units digit of n?
8
Let s(z) = -79*z - 20. Let f(w) = -26*w - 7. Let i(u) = 11*f(u) - 4*s(u). What is the units digit of i(2)?
3
What is the hundreds digit of (-8 - -22 - 7) + 932?
9
Let k(v) = 18*v**3 - v + 1. Let j be k(1). What is the units digit of -4 - 2/(-3)*j?
8
Suppose 3*f - g - 5267 = 0, 3*f = -g - 0*g + 5257. What is the thousands digit of f?
1
Suppose 880 = 27*i - 32*i. Let j = -52 - i. What is the tens digit of j?
2
Let r = -71 - -57. What is the hundreds digit of r/(-105) - 2338/(-15)?
1
Let k(r) = r**3 + 5*r**2 - 5*r - 10. Let u be k(-4). Let f = -24 + u. What is the tens digit of (-1)/(f/(2*-19))?
1
What is the tens digit of (-78)/507 - (-18152)/26?
9
Let a be ((-84)/10)/(6/(-585)). Suppose i = 5*p - a, 2*i - 831 = -5*p + 6*i. What is the tens digit of p?
6
Suppose -5*w + 30 = -0*w. Suppose -w - 2 = -2*j. Suppose -s - 3*a + 48 = 0, -2*a + j + 6 = 0. What is the tens digit of s?
3
Let d = -1 + 7. Suppose -2*i + d = -24. What is the units digit of i?
5
Let i(w) = w**3 + 9*w**2 + 2*w - 11. What is the units digit of i(-4)?
1
Let p(l) = 262*l - 72. What is the units digit of p(2)?
2
Suppose 2*k - 3 = 7. Suppose 139 + 45 = 4*t. Suppose 0 = -c - 3*q + t, 6*c - 201 = 2*c + k*q. What is the units digit of c?
9
Suppose 5*j + 1927 = 2*t, -4*t - 4*j = -9*j - 3879. What is the tens digit of t?
7
Let f(b) = 2*b**2 - b. Let p be f(-2). What is the units digit of 5 + p + 0 + 3?
8
Suppose 3*z - 935 - 550 = 0. What is the hundreds digit of z?
4
Let w(d) be the second derivative of 5*d**3/6 + 23*d**2/2 - 4*d - 10. What is the tens digit of w(18)?
1
Let t be 2 + (-2 - 186)/(-4). Suppose -t - 24 = -i - 3*l, 4 = 2*l. What is the units digit of i?
7
Suppose -5*l + 3*l - 11 = -3*y, 0 = -3*l - 3*y + 21. What is the tens digit of 166 - l - 4/(-1)?
6
Let p(h) = 83*h**2 + 7*h + 37. What is the hundreds digit of p(-4)?
3
Let u(f) = 97*f + 961. What is the units digit of u(40)?
1
Let d = -170 + 118. Let m = 144 + d. What is the tens digit of m?
9
Let y(j) = -35*j - 16. What is the tens digit of y(-5)?
5
Let p(l) = l**2 - l - 3. Let b be p(0). Let z be (-4)/8*6/b. Let m(u) = 5*u**2 + u + 1. What is the units digit of m(z)?
7
Let b = 39 + -34. Suppose 3*a - 77 = -b*j, 0 = 3*a - j - j - 91. Suppose 3*h = 2*g - a, 0 = -5*g + 3*h - 6*h + 20. What is the units digit of g?
7
Let b(k) = 3*k**3 - k**2 + 2*k - 1. Let h be b(1). Let r be (-1*9)/h + 31. Suppose -10 = -p - 3*g - g, 0 = -5*p + 2*g + r. What is the units digit of p?
6
Let i be ((-16)/12)/(3/(-108)). Suppose o = -2*o + i. Let a = -3 + o. What is the units digit of a?
3
Suppose 3*l = -5*f + 3301 - 177, -f - 1044 = -l. What is the units digit of l?
3
Suppose -4*n = -3*m - 1, 4*n - 3*m = 2*m - 9. Supp